ue
Is 4284346013 a prime number?
True
Is 436566847 a prime number?
True
Is 60209630683 a prime number?
True
Is 290617681 a prime number?
True
Is 2173929053 a prime number?
False
Is 27440034733 prime?
False
Is 22956253 prime?
False
Is 3696818927 a composite number?
True
Is 19364703079 composite?
True
Is 367777451 a composite number?
False
Is 1257066211 composite?
True
Is 1940029459 composite?
False
Is 59276324257 a composite number?
False
Is 2012421479 prime?
False
Is 869582009 a composite number?
False
Is 6045094771 composite?
True
Is 426820789 a prime number?
False
Is 1993286923 a prime number?
True
Is 5352057679 a composite number?
False
Is 2155965947 a prime number?
True
Is 7480591709 a composite number?
False
Is 765439043 a composite number?
True
Is 57337479949 prime?
False
Is 9968082179 a prime number?
False
Is 2031710617 a composite number?
False
Is 1399957501 prime?
True
Is 252777237 a prime number?
False
Is 3060626183 a prime number?
True
Is 12399322937 a prime number?
False
Is 6465036737 a composite number?
False
Is 3336135529 composite?
True
Is 1180881907 composite?
False
Is 1204313821 composite?
True
Is 6800504057 prime?
True
Is 36240698737 composite?
True
Is 198319109 prime?
True
Is 21989790209 prime?
False
Is 34927853 a composite number?
False
Is 1039325233 a prime number?
True
Is 846801181 prime?
True
Is 22511705483 composite?
False
Is 430085473 composite?
False
Is 1292568059 a composite number?
True
Is 101892251 a composite number?
False
Is 17826981547 prime?
True
Is 4298384347 a composite number?
True
Is 927202787 composite?
True
Is 9300198247 a prime number?
True
Is 395760059 composite?
True
Is 328281893 composite?
True
Is 1890077837 composite?
False
Is 15886829141 composite?
False
Is 14872895299 prime?
True
Is 4260596999 a composite number?
True
Is 867314699 a composite number?
True
Is 10037014259 prime?
True
Is 2160771313 a prime number?
True
Is 7412769653 a prime number?
True
Is 10203659759 a composite number?
True
Is 93014671331 composite?
False
Is 1702404377 a composite number?
False
Is 8266260719 prime?
False
Is 5364745553 a composite number?
True
Is 582180701 composite?
False
Is 1299363553 prime?
True
Is 24030687383 a prime number?
True
Is 17618221531 composite?
True
Is 1287961 a prime number?
True
Is 365417999857 prime?
True
Is 10639380071 composite?
False
Is 11573124203 a composite number?
False
Is 66450510131 a prime number?
True
Is 3342616741 composite?
True
Is 7224218231 prime?
True
Is 553560979 a prime number?
False
Is 768896047 a prime number?
False
Is 2233277281 composite?
False
Is 42775563577 a prime number?
True
Is 3323902913 a prime number?
True
Is 253540942471 a composite number?
True
Is 3695658545 a prime number?
False
Is 408231073 a prime number?
True
Is 57183373207 prime?
True
Is 8015974039 a composite number?
True
Is 394162189 composite?
True
Is 22390057853 prime?
True
Is 1188045491 composite?
False
Is 58543229 composite?
False
Is 172847821 a prime number?
False
Is 51646337 a prime number?
True
Is 36023159719 a prime number?
True
Is 15463611379 composite?
False
Is 5753092789 prime?
False
Is 22384856353 composite?
True
Is 2212665023 a composite number?
True
Is 87616556933 a composite number?
False
Is 111423948331 prime?
False
Is 19822550219 a composite number?
False
Is 64088284867 a composite number?
False
Is 16318589647 a prime number?
True
Is 1006416433 composite?
True
Is 6664597063 composite?
True
Is 205679159 prime?
False
Is 314509733 prime?
True
Is 1399530299 a prime number?
False
Is 79671499529 a composite number?
False
Is 5495550881 a composite number?
True
Is 813059383 composite?
True
Is 4745836133 prime?
True
Is 3860256179 a prime number?
False
Is 43547430967 a composite number?
False
Is 4182356569 a prime number?
True
Is 23721939287 composite?
True
Is 31719790783 prime?
True
Is 58171976917 a composite number?
True
Is 60588361 prime?
True
Is 1564055011 a prime number?
True
Is 934605338 a prime number?
False
Is 1714608809 a composite number?
False
Is 78450311741 prime?
True
Is 10187395939 a composite number?
True
Is 861299827 prime?
True
Is 269488467637 a composite number?
True
Is 3212804473 composite?
True
Is 157377239 a prime number?
True
Is 25360497023 composite?
False
Is 596400097 a prime number?
False
Is 54465881779 composite?
True
Is 5513289293 composite?
True
Is 484318001 prime?
False
Is 10020050459 prime?
True
Is 92163236159 prime?
True
Is 2079312341 a prime number?
True
Is 110861824361 a prime number?
True
Is 106869449 prime?
True
Is 4813723507 composite?
False
Is 19294750847 prime?
False
Is 7894603729 a composite number?
False
Is 583982197 a composite number?
False
Is 1389699547 prime?
True
Is 430504687 composite?
True
Is 11708501809 a prime number?
False
Is 277887473 composite?
True
Is 3121820491 composite?
True
Is 1800607961 a composite number?
True
Is 23433811711 prime?
True
Is 284083981 a prime number?
False
Is 669297803 a composite number?
True
Is 2574169669 a prime number?
False
Is 533720327399 a prime number?
False
Is 54382367369 a prime number?
False
Is 13565581193 a prime number?
True
Is 38790583981 a prime number?
True
Is 11565755459 a prime number?
False
Is 9878897747 a prime number?
False
Is 353751781 prime?
False
Is 13287118849 a composite number?
True
Is 2051263691 a prime number?
True
Is 2446739129 a prime number?
True
Is 4615572119 a prime number?
True
Is 129891913 a prime number?
False
Is 19308374677 composite?
False
Is 26973227891 a composite number?
True
Is 1242512681 composite?
False
Is 6476995117 a prime number?
True
Is 1031927399 a prime number?
True
Is 1924679209 a composite number?
True
Is 34914064223 a prime number?
True
Is 703895753 composite?
True
Is 863797658 composite?
True
Is 97856951 a prime number?
True
Is 1460398237 a composite number?
False
Is 2549869687 a composite number?
True
Is 19404810046 a prime number?
False
Is 11434765817 a composite number?
True
Is 223189658243 a prime number?
False
Is 53326721011 a composite number?
True
Is 2370349277 composite?
True
Is 1038113887 prime?
False
Is 93930195442 a composite number?
True
Is 593459387 a prime number?
False
Is 1820980037 a composite number?
True
Is 2270686211 prime?
True
Is 700066393 a prime number?
False
Is 5399986469 prime?
True
Is 3395738117 a prime number?
False
Is 26530032641 a prime number?
False
Is 159262703 composite?
False
Is 314164957 prime?
True
Is 8433866717 composite?
True
Is 1573388197 a prime number?
True
Is 2972241247 a composite number?
True
Is 812962987 prime?
False
Is 8573596705 a composite number?
True
Is 73027169 composite?
True
Is 2159073241 composite?
True
Is 46576055395 a prime number?
False
Is 1939288255 a composite number?
True
Is 120797420063 a composite number?
False
Is 1075094 composite?
True
Is 415665017 composite?
True
Is 43124348941 a prime number?
True
Is 4002682561 prime?
True
Is 30596728133 a prime number?
True
Is 286630259 composite?
False
Is 380933134 prime?
False
Is 6694381165 a composite number?
True
Is 4744171513 a prime number?
True
Is 47496894719 prime?
False
Is 158741050231 composite?
False
Is 346367353 composite?
False
Is 15489962351 prime?
True
Is 300026873 prime?
True
Is 21628046003 composite?
False
Is 109180250006 a prime number?
False
Is 36209863667 composite?
True
Is 1875959671 composite?
True
Is 85555949 a prime number?
False
Is 5972642659 a prime number?
False
Is 11812459409 composite?
False
Is 548889599 composite?
False
Is 14604751649 a composite number?
False
Is 6615564217 a composite number?
False
Is 6018408299 a composite number?
False
Is 27215924161 a prime number?
True
Is 12824672587 prime?
True
Is 959294849321 a prime number?
True
Is 1458601829 a prime number?
True
Is 11888202251 prime?
True
Is 1882966889 prime?
False
Is 1453978387 a composite number?
False
Is 10166960821 a prime number?
False
Is 2338705879 composite?
True
Is 918747917 a composite number?
False
Is 99043781 prime?
False
Is 275969803 prime?
True
Is 19593571807 prime?
True
Is 13449609037 composite?
False
Is 59102144567 prime?
True
Is 19420018937 a prime number?
False
Is 9301000331 composite?
True
Is 253611431027 prime?
True
Is 1492768217 composite?
False
Is 21014528989 a composite number?
False
Is 50991039179 prime?
False
Is 50176762177 composite?
True
Is 191128337 composite?